 - 20*a**2 - 25*a - 3. Determine s(-2).
-17
Let l(c) = -304*c + 2756. Calculate l(10).
-284
Let d(y) = -493*y + 15283. Give d(31).
0
Let y(u) = u**3 - 62*u**2 + 112*u + 357. What is y(60)?
-123
Let t(b) = -b**2 - 55*b - 67. What is t(-54)?
-13
Let x(u) = -4*u + 230. What is x(65)?
-30
Let r(b) = -b**3 - 7*b**2 + 18*b + 45. What is r(-8)?
-35
Let s(n) = -n**3 + 25*n**2 + 619*n + 1512. What is s(41)?
-5
Let x(n) = 25*n - 491. Calculate x(12).
-191
Let u(s) = s**3 - 81*s**2 + 170*s - 961. Give u(79).
-13
Let l(h) = 711*h**2 + 2134*h. Give l(-3).
-3
Let q(k) = 69*k + 228. What is q(-5)?
-117
Let h(v) = v**3 + 21*v**2 + 59*v - 252. What is h(-17)?
-99
Let x(c) = 71*c - 258. What is x(4)?
26
Let c(q) = 65*q**2 + 55*q + 57. Calculate c(-1).
67
Let s(m) = -m**3 - 11*m**2 - 15*m - 50. Determine s(-10).
0
Let w(b) = 121*b + 6660. Give w(-55).
5
Let q(w) = -2*w**3 + 220*w**2 + 220*w + 211. Calculate q(111).
-11
Let n(l) = -l**2 - 32*l + 549. What is n(12)?
21
Let d(m) = -m**3 + 8*m**2 + 28*m - 243. Calculate d(7).
2
Let u(i) = -i**3 - 4*i**2 + 485*i. What is u(0)?
0
Let b(k) = -2*k**2 - 14*k + 153. Calculate b(-13).
-3
Let h(u) = 7*u**3 + 63*u**2 + u - 4. Give h(-9).
-13
Let v(f) = 2*f**2 - 51*f + 171. What is v(22)?
17
Let k(j) = -j**2 - 206*j + 16302. Give k(61).
15
Let o(a) = 23*a + 549. Determine o(-26).
-49
Let i(a) = -a**3 + 5*a**2 + 12*a + 5. Calculate i(6).
41
Let x(i) = -36*i**2 + 158*i + 5. Calculate x(-1).
-189
Let b(w) = -2*w**3 + 7*w**2 - 40*w - 266. Give b(-6).
658
Let x(a) = -2*a**3 + 31*a**2 - 15*a + 46. What is x(15)?
46
Let d(g) = -2*g**2 + 61*g - 15. Give d(33).
-180
Let j(o) = -135*o + 12977. What is j(96)?
17
Let a(x) = -61*x - 151. What is a(-3)?
32
Let d(q) = -q**3 - 35*q**2 + 62*q - 479. Determine d(-37).
-35
Let d(j) = -j**3 + 32*j**2 + 145*j - 1404. What is d(35)?
-4
Let i(p) = -p**3 + 27*p**2 + 55*p + 90. Determine i(29).
3
Let i(z) = -z**3 - 83*z**2 - 599*z + 71. Calculate i(-75).
-4
Let m(r) = r**2 + 22*r - 891. Determine m(-43).
12
Let a(u) = 4*u**2 + 54*u - 128. Determine a(-15).
-38
Let a(i) = 4*i**2 - 81*i + 4. What is a(5)?
-301
Let k(s) = -11*s - 149. Give k(-18).
49
Let s(r) = -18*r**2 - 37*r + 148. Give s(-4).
8
Let f(z) = -2*z**3 + 11*z**2 + 128*z - 321. Determine f(-7).
8
Let d(b) = -b**3 - 5*b**2 + 60*b - 5. Give d(6).
-41
Let j(b) = -1013*b**2 + 58756*b - 114. Calculate j(58).
2
Let i(b) = 28*b + 32. Give i(6).
200
Let p(g) = g**2 - 3746*g - 41330. Determine p(-11).
-3
Let b(u) = 2*u**2 + 960*u - 11793. Determine b(12).
15
Let u(x) = -7*x**2 - 15*x + 5. Give u(3).
-103
Let n(a) = a**2 + 4*a + 20. Determine n(8).
116
Let y(v) = -223*v - 1289. What is y(-6)?
49
Let o(q) = 28*q - 121. What is o(-2)?
-177
Let l(s) = -55*s - 1263. What is l(-23)?
2
Let c(t) = -t**3 + 14*t**2 - 131*t + 1303. What is c(12)?
19
Let l(o) = -o**2 - 294*o - 577. Give l(-2).
7
Let a(j) = 76*j**3 - 4*j**2 + 2*j - 1. Give a(1).
73
Let y(q) = -q**3 + 22*q**2 + 100*q + 56. Calculate y(26).
-48
Let m(v) = -469*v + 9389. Determine m(20).
9
Let v(h) = h**3 - 330*h**2 + 988*h - 2299. Calculate v(327).
-10
Let v(r) = -r**2 - 2*r + 21. What is v(9)?
-78
Let u(r) = 4*r**2 - 38*r + 93. Determine u(3).
15
Let j(i) = 53*i**2 - 475*i - 13. Give j(9).
5
Let o(j) = -19*j + 1672. Give o(90).
-38
Let s(m) = -3*m**2 + 339*m - 2549. Give s(105).
-29
Let s(t) = -t**3 + 53*t**2 - 241*t + 248. Give s(48).
200
Let g(b) = 177*b + 2874. Determine g(-16).
42
Let t(s) = 34*s + 982. Calculate t(-27).
64
Let c(g) = -14338*g + 57347. What is c(4)?
-5
Let z(w) = 6*w - 550. Calculate z(50).
-250
Let u(j) = -j**2 + 44*j - 388. What is u(13)?
15
Let o(q) = -q**2 - 404*q - 36585. Calculate o(-137).
-6
Let j(o) = o**3 - 42*o**2 + 22*o - 1001. Determine j(42).
-77
Let x(t) = -360*t + 1464. Give x(4).
24
Let j(s) = -10*s**2 - 279*s + 1149. What is j(4)?
-127
Let l(k) = -7*k**2 + 62*k - 445. Determine l(9).
-454
Let i(u) = 7*u**2 - 63*u + 129. Determine i(9).
129
Let b(v) = -v**2 + 12*v + 101. Calculate b(10).
121
Let r(l) = -4*l + 365. What is r(83)?
33
Let s(d) = d**3 - 5*d**2 + 5*d - 2. Give s(-7).
-625
Let a(o) = -10173*o - 81367. Determine a(-8).
17
Let q(d) = d**2 - 49*d - 211. Calculate q(-4).
1
Let q(c) = 694*c + 88145. Calculate q(-127).
7
Let g(t) = 58*t + 160. Give g(-10).
-420
Let p(u) = -2*u**3 + 28*u**2 - u + 24. Give p(14).
10
Let g(m) = 25*m + 877. Calculate g(-35).
2
Let m(g) = -27*g**2 + 435*g - 449. What is m(15)?
1
Let l(a) = 53*a - 56. Determine l(3).
103
Let t(c) = 63*c - 12477. Give t(198).
-3
Let x(v) = v**2 - 14*v + 42. What is x(5)?
-3
Let z(p) = -32*p + 1774. Give z(51).
142
Let a(s) = -s**3 + 8*s**2 - 23*s + 51. Determine a(6).
-15
Let r(h) = 8*h**2 + 326*h - 91. Determine r(-41).
-9
Let b(o) = -30*o**3 - 4*o**2 + 48*o + 143. Calculate b(-3).
773
Let f(q) = 179*q - 27. Determine f(0).
-27
Let l(z) = 14*z - 45. What is l(-10)?
-185
Let p(c) = -c**3 - 6*c**2 - 10*c - 44. Calculate p(-6).
16
Let v(n) = -n**3 + 53*n**2 + 2*n - 7. Give v(53).
99
Let z(p) = -p**3 - 51*p**2 - 102*p - 203. Determine z(-49).
-7
Let d(r) = -3*r**2 + 118*r - 547. Calculate d(34).
-3
Let z(i) = 26*i - 1583. What is z(62)?
29
Let r(n) = n - 74. What is r(72)?
-2
Let n(t) = 4*t**3 - 3*t**2 - 10*t + 7. What is n(5)?
382
Let m(k) = 2*k + 745. Determine m(96).
937
Let h(a) = -167*a - 10177. What is h(-61)?
10
Let x(n) = -62*n - 790. Calculate x(-23).
636
Let g(w) = w**2 + 26*w - 840. Calculate g(-45).
15
Let a(x) = 220*x - 218. Give a(1).
2
Let u(k) = -k**2 - 61*k - 1124. What is u(-36)?
-224
Let r(f) = 7096*f + 56749. Calculate r(-8).
-19
Let o(q) = -q**3 + 30*q**2 - 27*q - 82. Give o(29).
-24
Let s(i) = 5*i**2 + i + 15. Give s(-5).
135
Let o(i) = 2*i**3 + 5*i**2 - 4. Calculate o(0).
-4
Let d(u) = -2*u**2 + 167*u + 826. What is d(88)?
34
Let f(v) = -v**2 + 206*v + 9258. Calculate f(-38).
-14
Let b(l) = 20*l + 60. Give b(7).
200
Let a(r) = 222*r + 3275. Give a(-15).
-55
Let y(n) = n**2 + 21*n + 3. What is y(-25)?
103
Let j(k) = 38*k - 62. What is j(3)?
52
Let m(f) = -f**3 - 15*f**2 - 16*f - 56. Determine m(-15).
184
Let g(x) = -x**3 - 20*x**2 + 136*x + 82. Determine g(-25).
-193
Let f(d) = d**3 + 9*d**2 - 9*d + 31. Determine f(-7).
192
Let o(c) = -c**2 + c + 32. Calculate o(6).
2
Let w(g) = -20*g**2 - 300*g - 19. Determine w(-15).
-19
Let f(r) = -59*r + 2068. What is f(35)?
3
Let q(c) = -2*c**2 + 69*c - 308. Determine q(20).
272
Let k(u) = 36*u - 113. What is k(7)?
139
Let i(w) = 145*w - 7686. Determine i(53).
-1
Let c(f) = -20*f**3 - 1071*f**2 + 473*f - 702. Determine c(-54).
0
Let t(z) = -5888*z + 35342. Determine t(6).
14
Let a(o) = -52434*o + 209726. Calculate a(4).
-10
Let m(r) = 22*r - 526. Give m(40).
354
Let b(p) = -490*p - 987. Calculate b(-2).
-7
Let v(t) = 3*t**3 + 19*t**2 - 154*t - 3. Determine v(-11).
-3
Let d(s) = 914*s - 4565. Give d(5).
5
Let h(z) = -z**2 - 1145*z - 3390. What is h(-3)?
36
Let z(i) = 7*i**2 + 1977*i + 12427. Determine z(-276).
7
Let x(d) = -d**3 - 133*d**2 + 2886*d + 38. Give x(19).
0
Let l(v) = 21*v**2 + 93*v - 8. Calculate l(-4).
-44
Let u(m) = 35*m + 673. Give u(-21).
-62
Let t(s) = -18*s + 74. Calculate t(9).
-88
Let d(r) = -14*r**2 + 128*r + 14. Calculate d(7).
224
Let j(i) = i**2 + 53*i + 257. Give j(-52).
205
Let z(g) = -g**3 + 9*g**2 + 243. Give z(11).
1
Let q(r) = 31*r - 63. Determine q(1).
-32
Let d(t) = -t**3 - 14*t**2 - 647*t - 5410. What is d(-9)?
8
Let w(m) = -m**3 - 2*m**2 + 7*m - 9. Determine w(2).
-11
Let p(v) = 1180*v - 5905. Calculate p(5).
-5
Let z(s) = -s**3 + 3*s**2 + 77*s + 111. Give z(11).
-10
Let b(v) = -v**2 - 37*v + 493. What is b(-48)?
-35
Let q(a) = -6*a**2 + 29*a - 26. Calculate q(9).
-251
Let n(p) = -12*p**2 + 32*p + 137. Calculate n(5).
-3
Let g(k) = 168*k + 13593. What is g(-81)?
-15
Let c(h) = 2*h**3 - 16*h**2 - 81*h + 636. Calculate c(8).
-12
Let k(w) = 2*w**3 - 11*w**2 - 103*w + 16. Calculate k(10).
-114
Let r(f) = 2*f**2 + 212*f + 2736. Calculate r(-91).
6
Let a(c) = 3*c**3 - 42*c**2 - 39*c - 16. Calculate a(15).
74
Let t(j) = 2*j**3 - 9*j**2 + 27*j - 73. What is t(5)?
87
Let z(b) = -351*b + 41060. Determine z(117).
-7
Let p(n) = 503*n + 5519. Calculate p(-11).
-14
Let k(q) = 16*q - 163. What is k(11)?
13
Let q(u) = -122*u + 10492. Give q(86).
0
Let p(o) = -o**2 - 7*o + 203. What is p(-18)?
5
Let w(v) = -13*v**2 - 